 2365. Let n be s(20). Let u be (-2)/(-8) - 4126/(-8). Suppose -n*g = -g - u. List the prime factors of g.
3, 43
Suppose 4*p = -3*z + 2564, -p - 4*p - z + 3194 = 0. Let y = -276 + p. What are the prime factors of y?
2, 181
Let s(w) = w**2 + 5*w. Let a be s(-8). Let z be ((-2)/4)/(((-2)/a)/(-1)). What are the prime factors of 2/z - (-380)/6?
3, 7
Let b be (-20)/(-40) - (-16681)/(-2). What are the prime factors of (b/40)/((-2)/4)?
3, 139
Let i = 1 + -8. Let g(k) = -836*k - 30 + 1653*k - 834*k. List the prime factors of g(i).
89
Suppose 16805 = 1014*y - 1009*y. List the prime factors of y.
3361
Let c(d) = -2*d + 12. Let f be c(4). Suppose 5*z - 2452 = f*m - 7*m, 4*m = 4*z - 1968. What are the prime factors of z?
491
Let b be (12 - 4)*(-1)/(-2). Suppose 2*a + 780 = 4*z, -3*a = z - b*a - 195. List the prime factors of z.
3, 5, 13
Let q(r) = -17 + 9 + 5 + r**2 - 15*r. Let u be q(-13). Suppose -h + 3*x = 4*h - u, -3*h = 5*x - 203. List the prime factors of h.
71
Let d(b) = -b**3 + 8*b**2 - 5*b + 7. Let z be d(7). Suppose 28*j = z*j + 6090. List the prime factors of j.
2, 3, 5, 29
Suppose 4*h - 2*k = -36, 11*k - 13*k - 30 = 2*h. Let v(o) = 0*o - 24 - 16*o - 10. List the prime factors of v(h).
2, 71
Suppose 0 = -k, 2*p + 13*k = 11*k. Suppose p = 184*y - 182*y - 528. What are the prime factors of y?
2, 3, 11
What are the prime factors of 14/21 + (-27)/(324/(-11560))?
2, 241
Let y = -33 + 18. What are the prime factors of (2 - 8068/(-10)) + 12/y?
2, 101
Suppose -5*j = 2*k - 36164, -4*k + 8071 = j - 64275. What are the prime factors of k?
3, 6029
Let w(f) = f**3 + 5*f**2 + 4*f + 3. Let h be w(-4). Suppose 18 = d + 4*z, 72 = 4*d + z + h*z. What are the prime factors of ((-2)/1 - -102)*d/15?
2, 3, 5
Suppose -27*k + 24*k = -27337 - 5957. List the prime factors of k.
2, 31, 179
Let w(h) = 3756*h**3 - 2*h**2 + 4*h - 3. What are the prime factors of w(2)?
3, 5, 2003
Let k = 6151 - -5298. What are the prime factors of k?
107
Let a(c) = -6*c**3 - 10*c**2 - 4*c - 6. Let b be a(-7). Let k = b - -522. Suppose 11*l - k = -0*l. What are the prime factors of l?
2, 3
Let i be -1 - -2 - 1/((-2)/4). Suppose -i = -2*s + 1. Suppose 3*c - 25 = -o + 43, 4*o = s*c - 64. What are the prime factors of c?
2, 3
Let t = -2014 + 3143. Let c = t + -670. What are the prime factors of c?
3, 17
Let k = 7433 - 3116. What are the prime factors of k?
3, 1439
Suppose 4*w + 8128 = 2*x, -x + 64*w = 59*w - 4076. What are the prime factors of x?
2, 3, 13
Let z = -184 + -429. Let g = z - -1143. What are the prime factors of g?
2, 5, 53
Let y(b) = -1. Let j(q) = 17*q - 4. Let w(d) = -j(d) + y(d). What are the prime factors of w(-1)?
2, 5
Suppose 3*i + 2*c + 29 = 0, 0*i - 3*c = -2*i - 2. Let m be (8078/(-10))/i - 4/10. Suppose 2*j = 5*d + 119, m + 56 = 3*j - 5*d. List the prime factors of j.
2, 13
Let y(j) = 2*j**3 + 23*j**2 - 17*j - 1. List the prime factors of y(-11).
307
Let d(k) = k**2 + 30*k + 222. Let m be d(-24). Suppose -154 = -g + 86. Suppose 9*j + m = g. List the prime factors of j.
2, 3
Let x = 16511 + -8396. What are the prime factors of x?
3, 5, 541
What are the prime factors of (-6 + (-1400)/((-42)/6))/((-10)/(-1105))?
13, 17, 97
Let n(w) = 5*w - 1 + w**2 - 11 + 10*w - 3*w. Let f be n(-13). Let q(a) = 116*a**3 + 2*a**2 - 1. What are the prime factors of q(f)?
3, 13
Let n(m) = -31*m - 14. Let q(a) = -a**2 - 8*a - 11. Let i = -29 + 22. Let v be q(i). List the prime factors of n(v).
2, 5, 11
Let q = 31 + -24. Suppose -15 = -q*r + 2*r. Suppose 3*s - 2*c - 61 = 0, -r*s + 28 = -3*c - 35. What are the prime factors of s?
19
Let u = 123 + -116. List the prime factors of u + 103 + (-3 - 3).
2, 13
Let x(y) = -359*y - 901. What are the prime factors of x(-11)?
2, 3, 127
Let z(o) = o**3 + o**2 - 72*o + 9446. What are the prime factors of z(0)?
2, 4723
Let p(a) = -a**2 + 3*a + 2. Let t be p(5). Let q(r) = -r**2 - 8*r - 6. Let l be q(t). List the prime factors of ((-4)/l)/((-4)/102)*-3.
3, 17
Suppose 2*f - 12 = 5*y + 17, 4*y + 40 = 4*f. Suppose f*m - 434 + 21 = 0. List the prime factors of m.
59
Suppose -1382*i + 42834 = -1349*i. What are the prime factors of i?
2, 11, 59
Let w be (6/3 - 3)/(4/1244). Let n = w - -447. Let b = n + -14. What are the prime factors of b?
2, 61
Suppose -50*n = -137374 - 219026. What are the prime factors of n?
2, 3, 11
Let m = 70650 + -38449. List the prime factors of m.
13, 2477
Let k(y) be the third derivative of y**6/120 + 7*y**5/30 + 17*y**4/24 + 14*y**3/3 + 10*y**2 - 4. What are the prime factors of k(7)?
2, 3, 7
Let g = 231 - 231. Suppose g = 21*j - 10*j - 1265. List the prime factors of j.
5, 23
Let s(r) = -r**2 + 12*r - 15. Let t be s(9). Suppose -u = -q + 41, -2*q - 3*u + 74 - t = 0. List the prime factors of q.
37
Let p = 11939 + -6615. What are the prime factors of p?
2, 11
Suppose -5*t - 21300 = -5*l - 132190, -110875 = -5*t + 2*l. List the prime factors of t.
3, 19, 389
Let c = -36061 - -66939. List the prime factors of c.
2, 15439
Let f(p) = p**3 + 2*p**2 - 2*p + 2. Let z(u) = u + 11. Suppose 71*l - 69*l = -14. Let v be z(l). What are the prime factors of f(v)?
2, 3, 5
Suppose 2*a + 3*v = -11 + 28, 0 = 2*a - v - 37. Suppose n = r + a, -5*n - r = -56 - 6. List the prime factors of n.
13
Suppose -436 = -4*j + 51*f - 52*f, 0 = -4*j - 2*f + 432. Let m = 141 + -8. Suppose -3*i = -j - m. What are the prime factors of i?
3
List the prime factors of (20*10/(-90))/(6/(-13257)).
2, 5, 491
What are the prime factors of ((-5)/(-5 - 0))/(16/549008)?
34313
Suppose 15*i - 23694 - 23406 = 0. Suppose -i = -5*g - z, -3*z - 15 = -6*z. What are the prime factors of g?
3, 11, 19
Let x(h) = -h**2 + 17*h + 12. Let u = 39 + -27. Suppose -8 = -4*g, 0 = -2*c + g + 6 + u. List the prime factors of x(c).
2, 41
Let d(w) = -w + 6. Let k be d(7). Let u be (1/(2/(-367)))/(k/2). Let o = u - 84. What are the prime factors of o?
283
List the prime factors of (-6)/(-9) + 17976/9.
2, 3, 37
Suppose 4*j - 4 = 0, -2*j - 3*j - 7 = -3*z. Let p be ((-8)/z)/(-2) - 3/(-1). Suppose 413 = p*u + m, -u + 5*m + 40 = -79. What are the prime factors of u?
2, 13
Let w(d) = 250*d**2 + 3*d - 17. Let z(g) = 499*g**2 + 4*g - 32. Let n(k) = -11*w(k) + 6*z(k). List the prime factors of n(-2).
23, 43
Let l(g) = -g**2 - 21*g + 6. Let f be l(-21). Suppose -f*d - 5 = 1. List the prime factors of 43 - (-4 - (-9 - d)).
3, 13
Suppose -516*i - 782958 = -538*i. What are the prime factors of i?
3, 11863
What are the prime factors of (43 - 243024/(-28)) + 8/14?
11, 13, 61
Let k = 66 + -61. Let o(v) = 8*v - 54*v**2 + 29*v**2 + 28*v**2 + 9 + k. What are the prime factors of o(-4)?
2, 3, 5
List the prime factors of 120311/13 + (4408/(-377) - -12).
3, 5, 617
List the prime factors of 4794/9*11925/150.
17, 47, 53
Let v(m) = -59*m**2 - 3*m + 3. Let p be v(1). Let d = p + 181. What are the prime factors of d?
2, 61
Let s(k) = 13*k**3 + 3*k**2 - 1. Suppose 111*j = 114*j - 6. Let n be s(j). Suppose -6*i = -i - n. List the prime factors of i.
23
Let w(x) = -102*x**3 + 2*x**2 - 13*x + 18. Let q(p) = 307*p**3 - 6*p**2 + 37*p - 52. Let z(v) = 6*q(v) + 17*w(v). List the prime factors of z(2).
2, 3, 71
Suppose 892 + 228 = 5*s. Let h be (7 - (-133)/14)/(90/44 + -2). Let p = h - s. List the prime factors of p.
139
Suppose -6*c + 4704 = c. Let m = c - 406. What are the prime factors of m?
2, 7, 19
Suppose -5*q - 5323 = -633. Let n be q/(-49) - 1/7. Suppose 3*c - n = -0*c - y, 44 = 3*c - 4*y. What are the prime factors of c?
2
Suppose v - 4*v - 12 = 0, 0 = u - 4*v - 100. Let k(q) = -2*q**2 + 11*q - 6. Let l be k(4). Suppose -4*h + l*h = u. What are the prime factors of h?
2, 3, 7
Let f be (-40)/6*(-90)/12. Suppose -10*g = -0*g - f. List the prime factors of g.
5
Suppose -5*r + 17478 = 4*m, -5*m + 21868 = -0*m - 4*r. List the prime factors of m.
2, 1093
Suppose -387888 = -11*m - 5*o, -2*m = -4*m + 5*o + 70531. List the prime factors of m.
179, 197
Suppose -10*p + 13*p = -14*p. Suppose p = -5*l + 7*l + 5*n - 169, 168 = 2*l + 4*n. List the prime factors of l.
2, 41
Suppose -2*y - 2 = -14. Suppose a + 3*h - y = 0, 0 = -2*a + h + 3*h - 8. Suppose -3*c + a*c = 4*u - 289, -147 = -2*u + c. What are the prime factors of u?
73
Let b(s) = -s**3 - 7*s**2 + s + 13. Let t be b(-7). Suppose 1046 = -t*k + 4262. Suppose -k = 26*m - 30*m. What are the pri